u = -9 + 6. Let g(p) = -3*p - 3. Let d(m) = -17*m - 17. Let t(s) = -6*d(s) + 33*g(s). Give t(u).
-6
Let p(x) be the second derivative of x**4/12 - 8*x**3/3 - 12*x**2 - 8*x - 1. Give p(17).
-7
Let s(x) be the second derivative of 1/12*x**4 + 0 - 8*x + x**2 - 1/6*x**3. Let h = 8 - 5. Calculate s(h).
8
Let b(c) = -2*c + 6. Let v be ((-26)/6 - 2) + 8/(-12). Let u(m) = m - 4. Let h(x) = v*u(x) - 4*b(x). What is h(7)?
11
Let i(p) = -11*p**2 - 24*p - 22. Let h(g) = -5*g**2 - 12*g - 10. Let j(v) = -9*h(v) + 4*i(v). Calculate j(-12).
2
Let u(c) = -29*c**2 + 5*c - 15. Let n(k) = 552*k**2 - 96*k + 288. Let t(x) = 5*n(x) + 96*u(x). What is t(-1)?
-24
Let d(g) be the third derivative of -g**6/10 + g**5/60 - g**4/24 - g**3/6 + 3*g**2 - 6*g. What is d(-1)?
13
Let t(u) = -u**3 + 3*u**2 - 3*u + 4. Let q be t(2). Let b(k) = -3*k - 8 + q*k + 4. Give b(-4).
0
Suppose -3*p - p - 144 = 0. Let q = p - -51. Suppose 2*l + 2*h + 8 = 0, 2*h + q = 5*l - 0. Let n(a) = -2*a**2. Calculate n(l).
-2
Let j(s) = 29 - 22 + 4*s**2 + 5*s**2. Let c(y) = 14*y**2 + 10. Let t(g) = 5*c(g) - 7*j(g). Calculate t(-1).
8
Let v(o) = -9*o**2 - 9*o - 3. Let b(i) = -4*i**2 - 5*i - 1. Let n(r) = -7*b(r) + 3*v(r). Suppose -44*p + 26*p - 126 = 0. Calculate n(p).
-9
Let b(r) = -r**3 + r**2 + 1. Suppose 29 = 6*t + 11. Calculate b(t).
-17
Let a(c) = -c - c**2 - 1 - 2*c**2 + 4*c - 2*c. Determine a(1).
-3
Let w(n) = n**3 - 6*n**2 + 2*n - 2. Let c = 89 - 85. Calculate w(c).
-26
Let v(m) be the third derivative of m**5/60 + 7*m**4/24 + m**3/3 + 2*m**2 - 37*m. What is v(-5)?
-8
Let m(d) = -d**3 - 7*d**2 - 2*d - 8. Let q(c) = -c**3 - 5*c**2 - 2*c - 3. Let r(p) = m(p) - 2*q(p). Let t(z) = z**2 - 6*z + 2. Let g be t(5). Give r(g).
-8
Let c(p) = 39*p**2 - 6*p - 30. Let o be c(13). Let x(k) = k + 6482*k**3 + 3 - o*k**3 + 9. Calculate x(0).
12
Suppose 22 = -g - 4*a, 2*g = 4*a - a - 22. Let o be 4/g + 47/(-7). Let j(i) = 6*i + 12 + i**2 + 0*i - 14. What is j(o)?
5
Let r(m) = 318*m + 316*m + 319*m - 951*m + 8. Give r(-5).
-2
Let w(d) = -2*d + 12. Let u be w(4). Let y(k) = 5*k**2 + k. Let v(x) = 2*x**2. Let o(r) = -8*v(r) + 3*y(r). Calculate o(u).
-4
Let g(q) = q**2 + 15*q + 57. Let o be g(-9). Let p(w) = -6*w + 17. Calculate p(o).
-1
Suppose 0 = 4*h - 5*q + 5, -7 - 3 = -h - q. Let z(f) = -3*f + 69 - 62 + h*f - f. Determine z(-6).
1
Let n(w) = -8*w + 102. Let q(j) = 7*j - 83. Let b(a) = -4*n(a) - 5*q(a). Calculate b(2).
1
Let s(g) = -g**2 + 6*g - 2. Suppose 41*i - 124 = -21*i. Give s(i).
6
Let a(p) = -p**2 + 8*p - 11. Suppose 26*w = 35*w - 63. Determine a(w).
-4
Let p(f) = f**2 + 12*f + 19. Let y be -2 - (9 + -6 + 6). What is p(y)?
8
Let m = -1 + 4. Let n(x) = 3 + 36*x - 2 - 15*x + 2 - 20*x. What is n(m)?
6
Suppose 2 + 5 = -c. Let k(a) = a**3 + 6*a**2 - 7*a + 8. Calculate k(c).
8
Let b(v) = v**2 - 8*v + 14. Let i(k) = 12*k + 123. Let c be i(-10). Give b(c).
-1
Let j(c) = -c**2 + 2*c + 17. Let m = 331 - 326. Determine j(m).
2
Let z(t) be the third derivative of t**5/60 + t**4/12 - 8*t**3/3 - t**2 - 36*t. Give z(-5).
-1
Let p(k) = k**2 + 2*k + 1. Suppose 3*x - 10 = -2*x. Suppose 103*d = 102*d - x. Calculate p(d).
1
Let u(h) = h**2 + 6*h - 2. Let g = 35 - 29. Suppose -7 = -k - 4*d, 2*d - 31 = g*k - k. Calculate u(k).
-7
Let c(l) = 14*l**2 - 2*l + 1. Let s = 918 - 916. Calculate c(s).
53
Let x(d) = -2*d**3 + d - 3. Let k(l) = -l**3 - l - 1. Let z(s) = -k(s) + x(s). Let j(v) = v**2 + 14*v + 12. Let h be j(-10). Let g = h - -30. Calculate z(g).
-6
Let f(u) = -u**3 - 3*u**2 - u**2 - 3*u + 6*u - u + 1. Suppose -3*y = 3*y + 24. What is f(y)?
-7
Let s(v) be the third derivative of -v**6/120 + v**5/15 - v**4/6 + v**3 - 4*v**2. Let n be 3 - (4/6)/(4/(-6)). Calculate s(n).
-10
Let n(g) = -g**2 - 13*g + 11. Let d = 190 - 203. What is n(d)?
11
Let x(l) be the second derivative of l**4/12 + l**3/6 + 8*l**2 - 2*l + 123. Determine x(0).
16
Let c(f) = -1465 - 7*f + 1465 + 5*f**2. Let d(b) = b**2 - b. Let x(y) = -c(y) + 3*d(y). Give x(3).
-6
Let l(i) be the third derivative of -i**5/60 + i**4/4 - 2*i**3/3 - 2*i**2 - 21*i. Determine l(2).
4
Let v(r) = -72*r**2 + 149*r**2 - 70*r**2. Determine v(-1).
7
Let h = 28 + -13. Suppose 3*n - 15 = 5*x + 9, 5*x = -h. Let o(k) = -1 - 2*k**3 + k**n + 7*k**2 + 2*k - 2 - 4*k**2. Determine o(3).
3
Let u = -4 - 2. Let w(d) be the second derivative of -d**5/20 - d**4/2 - d**3/6 - d**2/2 - 64*d. Determine w(u).
5
Let x be 4/3 + (-459)/(-81). Let t(u) = u**2 - 8*u + 9. What is t(x)?
2
Let d be 1*2 - (-222 - -209). Let q(o) = o**2 - 13*o - 17. Give q(d).
13
Let j(n) = 2*n - 40. Let v be -4 + 24 + (-8 - -8). Give j(v).
0
Let q(y) be the first derivative of -y**4/4 - 2*y**3/3 - 5*y**2/2 - 4*y + 88. Calculate q(-3).
20
Suppose 27 = 4*k - 5*p, 2*p + 5 = 7. Let l(i) = -i + 10. Calculate l(k).
2
Suppose 722*w - 708*w + 98 = 0. Let k(g) = 4*g + 13. Calculate k(w).
-15
Let y(q) be the second derivative of 1/20*q**5 - 34*q + 0 - q**2 - 5/12*q**4 + 1/6*q**3. Calculate y(5).
3
Let d(n) = n - 1. Let w = -65 + 102. Suppose 2*s + 5*p - p + 14 = 0, -4*s + 5*p + w = 0. Determine d(s).
2
Let h(v) = -v + 1. Let m = 789 - 793. Give h(m).
5
Let r(o) = 5*o**3 - 2*o**2 - 12*o - 11. Let a(x) = 4*x**3 - x**2 - 11*x - 10. Let c(l) = 4*a(l) - 3*r(l). Give c(-3).
8
Let w(k) = 1061*k - 542*k - 525*k - 48. Determine w(-7).
-6
Let x = -8 + 12. Suppose x*y = -3*v + 29, v + 2*y = -0*y + 11. Let s(j) = -j. Give s(v).
-7
Suppose 1817*z + 149 = 1900*z - 100. Let x be 22/6 - (-2)/6. Let j(v) = -v - v**3 - 2 + 1 + 2*v**2 + x*v. What is j(z)?
-1
Suppose 0 = -2*v + z - 13, -46*v + 50*v = -z - 23. Let i(o) be the third derivative of -o**6/120 - o**5/12 + 7*o**4/24 + o**3/2 - 2*o**2. Calculate i(v).
-3
Let h(d) = -6*d. Let o(g) = 5*g - 1. Let v(b) = -4*h(b) - 5*o(b). Let j(s) = -s**2 - 76*s - 145. Let i be j(-74). What is v(i)?
2
Let x(o) be the third derivative of 2/3*o**3 + 7/24*o**4 + 1/60*o**5 + 0*o + 0 + 2*o**2. Let z(t) = t**2 - 10*t - 16. Let p be z(11). Determine x(p).
-6
Let t(a) = -a**3 + 8*a**2 - a + 17. Let z = -320 + 328. Determine t(z).
9
Let q(a) = a**3 + 5*a**2 - 6*a + 1. Let z = 303 - 309. Determine q(z).
1
Let q = -16 - -16. Suppose -c - 12 = -4*m, q*m + c - 8 = -m. Suppose m*g - 4*f = 8, -4*f + 1 = -5*f. Let w(j) = -3*j - 1. Determine w(g).
-4
Suppose 3*m - 7 + 1 = 0. Let x(h) = h - m*h + h - h. Let j be x(1). Let i(o) = -2*o - 1. Give i(j).
1
Let t(i) = -5*i**3 - 13*i**2 + i - 7. Let w(b) = 14*b**3 + 38*b**2 - 3*b + 21. Let r(c) = 17*t(c) + 6*w(c). Let f be 120/(-48)*(-28)/10. Calculate r(f).
0
Suppose 0 = -i - 4*c + 2, 0*c - 3*c = -4*i + 27. Let q(w) be the first derivative of i*w - 7/2*w**2 + 4 + 1/3*w**3. Calculate q(4).
-6
Let w(y) = y**3 - 15*y**2 - y + 18. Let z = -691 + 706. Calculate w(z).
3
Let j(m) be the second derivative of 19*m**3/6 - 15*m**2/2 - 41*m. Let t = 26 - 15. Let k(c) = 10*c - 8. Let f(d) = t*k(d) - 6*j(d). Give f(2).
-6
Let x(b) be the first derivative of b - 2*b**3 + 5 - 1/2*b**2 + 1/4*b**4. Let y = -10 - -16. Calculate x(y).
-5
Let d(u) be the first derivative of u**4/4 + 5*u**3/3 + u**2/2 + u - 109. Give d(-4).
13
Suppose -46 = 9*c + z, 3*c - z = 2*c - 4. Let b(l) be the second derivative of l**4/12 + l**3/6 - 5*l**2/2 + l. Give b(c).
15
Suppose 4*z + 2*b + 3*b - 23 = 0, 5*z - 34 = -b. Let p(w) = w - 9. Determine p(z).
-2
Let f(u) be the third derivative of -u**6/120 - u**5/15 + u**4/24 - 5*u**3/6 + 45*u**2 + 1. Calculate f(-4).
-9
Suppose -5*f - 15 = -v, v + f - 9 = 3*f. Suppose -v*a - 3 + 8 = 0. Let y be (-3)/18 + a/6. Let z(r) = -r**2 - r - 3. What is z(y)?
-3
Let q(a) be the second derivative of a**5/20 + a**4/3 + a**3/2 - a**2/2 - 166*a. Calculate q(-4).
-13
Let p(d) = d**2 - 7*d - 13. Suppose 36*t - 4*h + 16 = 38*t, 0 = 3*t + 4*h - 14. What is p(t)?
5
Let r(a) be the first derivative of a**3/3 + a**2/2 + 13*a + 1. Let d(s) = -3*s + 15. Let p be d(4). Let v be 3 + -1 + p + -5. What is r(v)?
13
Let c(t) be the second derivative of 2*t**5/5 - t**4/3 + t**3/2 - 3*t**2/2 - 26*t. Let h(p) = p**3 - p**2 + p - 1. Let y(i) = c(i) - 5*h(i). What is y(2)?
26
Let l be (12/4)/(63/14). Let d(f) be the first derivative of -f**2 - 5 - f - l*f**3. Determine d(-1).
-1
Let t(n) = n + 7. Let p = 19 + -28. Let c(h) = h**2 + 9*h + 4. Let m be c(p). Let k(s) = -s**3 + 4*s**2 - s - 2. Let x be k(m). What is t(x)